mmon divisor of 1089 and 34?
1
What is the greatest common divisor of 14230 and 50?
10
Calculate the highest common factor of 66 and 24849.
33
What is the highest common factor of 496976 and 1424?
1424
Calculate the highest common divisor of 36 and 924228.
36
What is the highest common factor of 2 and 76778?
2
Calculate the greatest common divisor of 51 and 330021.
51
What is the highest common factor of 4233 and 12903?
51
What is the highest common divisor of 69055 and 175?
35
Calculate the highest common factor of 472 and 4.
4
Calculate the greatest common factor of 13120 and 6068.
164
Calculate the highest common factor of 675 and 475.
25
What is the highest common factor of 32 and 178018?
2
What is the highest common divisor of 34823 and 1795?
359
What is the highest common divisor of 1065 and 2595?
15
What is the highest common factor of 84 and 1022?
14
What is the greatest common divisor of 25213 and 133?
19
What is the highest common divisor of 604 and 87429?
151
What is the highest common factor of 50626 and 374?
34
What is the highest common factor of 16734 and 48?
6
Calculate the highest common factor of 638 and 4312.
22
Calculate the greatest common factor of 6012 and 3384.
36
Calculate the highest common divisor of 14 and 3801994.
14
Calculate the highest common divisor of 6183 and 1204540.
229
Calculate the highest common factor of 937988 and 13472.
1684
What is the highest common divisor of 1475191 and 131?
131
Calculate the highest common factor of 11502 and 13774.
142
What is the highest common factor of 77 and 226930?
11
Calculate the highest common factor of 69 and 49519.
23
Calculate the greatest common factor of 1888 and 608054.
118
Calculate the greatest common factor of 67686 and 7830.
174
What is the greatest common divisor of 48 and 6064?
16
What is the greatest common factor of 1559136 and 16?
16
Calculate the greatest common factor of 1268 and 782673.
317
Calculate the highest common divisor of 2358 and 1310.
262
Calculate the highest common divisor of 4158 and 20034.
378
What is the highest common divisor of 994 and 4757?
71
What is the greatest common divisor of 5286330 and 1890?
1890
Calculate the greatest common divisor of 290315 and 31.
31
Calculate the highest common factor of 876620 and 265.
265
Calculate the greatest common factor of 396 and 987052.
44
Calculate the greatest common factor of 207 and 4041.
9
Calculate the highest common factor of 144142 and 970.
194
What is the greatest common factor of 5175 and 1125?
225
Calculate the greatest common factor of 9334 and 338.
26
Calculate the highest common factor of 10302 and 120.
6
Calculate the highest common divisor of 3924 and 3582.
18
What is the greatest common divisor of 2238978 and 28?
14
What is the greatest common factor of 996 and 40006?
166
What is the highest common divisor of 20 and 92470?
10
What is the highest common divisor of 2940 and 35133?
147
What is the highest common factor of 887631 and 3?
3
Calculate the greatest common factor of 2301 and 91221.
39
What is the highest common factor of 36374 and 26?
26
What is the highest common divisor of 7020 and 26000?
260
Calculate the highest common factor of 840 and 207240.
120
Calculate the greatest common divisor of 61576 and 344.
344
What is the highest common factor of 16373 and 923905?
2339
Calculate the highest common factor of 31775 and 9920.
155
Calculate the greatest common divisor of 13034 and 323792.
686
Calculate the greatest common factor of 2607402 and 42.
42
What is the greatest common factor of 8 and 35452?
4
What is the greatest common divisor of 37888 and 512?
512
What is the greatest common factor of 10420 and 2860?
20
Calculate the highest common divisor of 503143 and 215.
43
What is the highest common divisor of 4864 and 936?
8
What is the highest common factor of 19692 and 33367?
547
Calculate the greatest common factor of 440 and 155980.
220
Calculate the greatest common divisor of 1336 and 2638934.
334
Calculate the greatest common factor of 75 and 244515.
15
Calculate the highest common factor of 147 and 275037.
147
What is the greatest common factor of 27104 and 768?
32
What is the greatest common divisor of 40317 and 7701?
453
What is the highest common divisor of 99480 and 960?
120
What is the greatest common factor of 83996 and 51460?
332
Calculate the greatest common divisor of 180728 and 152.
152
Calculate the greatest common divisor of 5581602 and 27.
27
Calculate the highest common factor of 649 and 19116.
59
What is the highest common divisor of 126513 and 9?
9
Calculate the greatest common factor of 170955 and 15327.
1179
Calculate the greatest common factor of 11856 and 23066.
38
What is the greatest common factor of 5002 and 169641?
61
Calculate the greatest common divisor of 138573 and 4325.
173
What is the greatest common factor of 9152 and 1001?
143
What is the greatest common divisor of 10 and 360070?
10
What is the highest common factor of 47174 and 19236?
458
Calculate the greatest common divisor of 72283 and 43.
43
What is the greatest common divisor of 45 and 1357215?
15
Calculate the greatest common divisor of 18 and 115497.
9
Calculate the greatest common divisor of 448 and 124.
4
What is the greatest common divisor of 1452916 and 148?
148
What is the greatest common factor of 748 and 170?
34
What is the greatest common factor of 42423 and 8453?
79
What is the greatest common factor of 150 and 222?
6
Calculate the greatest common factor of 56 and 661528.
56
What is the highest common factor of 92850 and 1050?
150
Calculate the highest common divisor of 1764 and 5684.
196
What is the highest common factor of 92085 and 945?
105
What is the highest common divisor of 11259 and 1946?
139
Calculate the highest common divisor of 137057 and 59.
59
Calculate the greatest common divisor of 120 and 98000.
40
What is the greatest common divisor of 543584 and 32?
32
What is the highest common factor of 819 and 401877?
63
What is the greatest common factor of 33356 and 279?
31
Calculate the greatest common divisor of 62837 and 124.
31
Calculate the highest common factor of 952623 and 63.
63
Calculate the greatest common factor of 74 and 27.
1
What is the greatest common factor of 20 and 1660?
20
Calculate the highest common divisor of 1927 and 26527.
41
What is the highest common factor of 138114 and 234?
18
What is the highest common factor of 49395 and 444?
111
Calculate the greatest common factor of 354 and 38334.
6
Calculate the greatest common divisor of 374 and 658886.
34
Calculate the highest common factor of 218433 and 34.
17
What is the highest common divisor of 9888 and 337737?
309
What is the greatest common divisor of 72 and 26712?
72
Calculate the greatest common factor of 24900 and 432.
12
Calculate the greatest common divisor of 1108478 and 196.
98
What is the highest common divisor of 4536 and 3618?
54
What is the highest common divisor of 1008 and 65352?
168
Calculate the highest common factor of 607066 and 1732.
866
Calculate the highest common factor of 15 and 16765.
5
What is the greatest common divisor of 50384 and 28944?
1072
What is the greatest common factor of 160 and 17855?
5
What is the greatest common factor of 660 and 60522?
66
What is the highest common divisor of 95575 and 50?
25
Calculate the highest common factor of 71104 and 1414.
202
What is the greatest common factor of 183983 and 733?
733
Calculate the greatest common divisor of 9707 and 4862.
17
What is the greatest common factor of 9377 and 4?
1
Calculate the highest common factor of 1229591 and 11.
11
Calculate the highest common factor of 267 and 37113.
267
What is the greatest common factor of 265 and 6805?
5
Calculate the greatest common factor of 1815 and 279345.
165
Calculate the greatest common divisor of 8820 and 9009.
63
Calculate the greatest common factor of 7728 and 588.
84
What is the greatest common factor of 187 and 22?
11
Calculate the greatest common divisor of 69 and 117668.
23
Calculate the highest common factor of 3 and 27229.
1
Calculate the greatest common factor of 889 and 581.
7
Calculate the highest common factor of 18 and 972639.
9
What is the highest common factor of 270 and 66990?
30
Calculate the highest common factor of 7 and 35.
7
What is the